 (-1)/(a/(-15)). What is the highest common divisor of f and g?
13
Suppose 2*k - 1 = 5. Suppose 2*r = -k*i + 339 - 115, r = -2*i + 150. What is the highest common factor of 19 and i?
19
Let w be 9/6*(-4)/(-2). Suppose -w*o = -v - 3, -o + 1 = -2*v + 7*v. Let k be o - 23*(-9)/3. What is the highest common divisor of k and 10?
10
Suppose -y = p - 78, -3*p - 2*y + 202 + 29 = 0. What is the greatest common factor of p and 25?
25
Let a(d) = -40*d**3 + d**2 + d. Let u be a(-1). What is the highest common divisor of 24 and u?
8
Suppose 2*v + v = 5*t + 36, 0 = 4*v - 4*t - 56. Let i be 50 + 0 - (-3 + 2). Calculate the greatest common divisor of v and i.
17
Let q be (-8 - 1)*3/(-9). Let d(m) = 2*m**3 - 3*m**2 - 5*m + 4. Let s be d(q). Let h = 41 + 7. Calculate the highest common divisor of h and s.
16
Let n be 3/5 + (-447)/(-5). Suppose -8 = 3*d - d. Let k be d/14 + n/21. What is the greatest common divisor of 40 and k?
4
Let c = 68 - 37. What is the greatest common divisor of c and 62?
31
Let v be -2 + 3 + 6 + 3. Suppose 3*m - v = 3*q - 46, 3*m = -4*q + 27. What is the greatest common divisor of q and 36?
9
Let v(n) = -4*n + 6. Let t be v(-2). Calculate the highest common divisor of 21 and t.
7
Let q = -1 - -3. Suppose 4*v - 8*v + 3 = p, -4*v - 2*p = q. Let x be (-1*4/1)/(-2). Calculate the greatest common factor of x and v.
2
Suppose -2*l = l - 12. Let k be ((-165)/60)/(2/(-32)). What is the highest common divisor of k and l?
4
Let s be (8 - (4 + -7)) + -4. Calculate the greatest common divisor of s and 35.
7
Suppose -5*d + 5*a = -110, 3*d = -2*d - 4*a + 101. Let r be (-168)/15*(-60)/8. What is the greatest common factor of r and d?
21
Suppose 13*x + 16 = 15*x. What is the highest common factor of 40 and x?
8
Let n = -57 - -82. What is the greatest common factor of n and 5?
5
Suppose -2*b = -b - 15. Suppose -2*o - l + 0 = -b, 0 = 2*l + 10. What is the greatest common divisor of o and 20?
10
Suppose 2*w + z - 43 = 0, 0 = 2*w + w - 3*z - 87. Suppose 0 = 5*c + 3*t - 1311, -2*t + 801 = 3*c - 5*t. Calculate the highest common divisor of w and c.
24
Let c be ((-13)/(-4))/(1/4). Let u(f) = -f**3 - 3*f - 1. Let g be u(-2). Suppose 0 = -2*x + 3*x - g. Calculate the greatest common factor of c and x.
13
Suppose -3*k + 16*k = 143. What is the greatest common factor of k and 55?
11
Let m = 232 + -152. Calculate the greatest common factor of 16 and m.
16
Let x(q) = 0*q - q**3 + 6*q - 5 + 8*q**2 - 5*q. Let z be (-46)/(-6) - (-1)/3. Let s be x(z). Calculate the highest common factor of s and 12.
3
Let a(i) = 6*i**2 + 4*i - 1. Let t be a(-2). What is the highest common divisor of 90 and t?
15
Let q be 1 - ((-1)/(-1) - 269). Suppose -6*l = -q - 37. What is the highest common divisor of 34 and l?
17
Let t(n) be the third derivative of -55*n**4/24 + 2*n**2. Let d be t(-2). Suppose -4*o + d = o. Calculate the greatest common divisor of 2 and o.
2
Suppose 0 = -5*h + 20, 0 = k - 2*h + 6 - 20. What is the greatest common divisor of 2 and k?
2
Let t = 25 + -15. Calculate the highest common factor of 30 and t.
10
Suppose -3 = -3*p - 0. Let h be (62 - 3) + p - 0. Calculate the highest common factor of h and 15.
15
Let p be 1/((-12)/(-9))*16. Let w = -56 - -116. What is the greatest common divisor of p and w?
12
Let n be (4 + -1 - -44) + 1. What is the highest common divisor of n and 6?
6
Suppose 0*s = 2*s. Let u = 11 - s. What is the greatest common divisor of u and 77?
11
Let p be ((-6)/(-4))/(3/(-18)). Let w be 42/p*54/(-21). Calculate the greatest common divisor of 3 and w.
3
Let i(h) = h**3 - 8*h**2 + 9*h - 10. Let d be i(7). Let a = -14 - -14. Let w be 23 + -5 - (a + -2). Calculate the highest common factor of w and d.
4
Suppose 4*p + 358 = -z, -2*z = 5*p + 2*z + 453. Let t = -254 - -89. Let k = p - t. What is the greatest common factor of k and 19?
19
Suppose -3*f - 5*z + 684 = 0, -3*f + 7*f - 944 = 4*z. Let q = f - 58. What is the greatest common divisor of 25 and q?
25
Suppose 3*r - 2*r = 8. Calculate the highest common divisor of 40 and r.
8
Suppose 5*m - 111 = -3*o, -3*m + 75 = o + 6. Calculate the highest common divisor of 36 and m.
12
Let y be (-3)/(-4) - 24/32. Let g be (0 - 2/2)*y. Suppose g*d + 3*d = 36. What is the highest common divisor of d and 18?
6
Suppose 3*v = 191 + 7. What is the highest common divisor of 6 and v?
6
Let d be (1 + -31)*(-2)/4. Suppose 5*z = 45 + 5. Calculate the greatest common divisor of z and d.
5
Let g be 63/(-12) + (-1)/(-4). Let n = g + 41. Let y(m) = -9*m - 9. Let j be y(-7). Calculate the highest common factor of n and j.
18
Suppose 69 - 173 = -c. Calculate the greatest common factor of c and 26.
26
Suppose q + 4*q - 10 = 0. Suppose -q*z + 2*f = -8, 2*z - 11 = 3*z - 4*f. Suppose -33 = -2*j + 39. Calculate the highest common factor of z and j.
9
Suppose -4 = 3*w - 103. Let u(c) be the first derivative of -c**4/4 + 4*c**3/3 - c**2 + 1. Let d be u(3). Calculate the greatest common divisor of d and w.
3
Let g be (-3)/(-2) - 681/(-6). What is the highest common divisor of g and 23?
23
Suppose 0 = 5*b - 111 + 1. Let t be (2/6)/(2/18). Suppose -2*u + 24 = -r, 5*u - t*u - 32 = 5*r. Calculate the greatest common factor of u and b.
11
Suppose -v = -54 + 29. Calculate the greatest common divisor of v and 225.
25
Let g(c) = -4*c - 1. Let w be g(-6). What is the highest common divisor of w and 161?
23
Suppose -5 = -j + 13. Suppose -3*h + j = -9. Let g be (18/(-24))/(2/(-8)). Calculate the highest common divisor of g and h.
3
Suppose 11*o - 7*o = 4*a + 28, 4*a = o - 4. Let j be (-2)/(-5) + 24/(-10). Let s = 2 - j. What is the highest common divisor of s and o?
4
Let k = 72 + -33. Calculate the highest common divisor of k and 78.
39
Suppose 4*c - 2*c - 5*m = 16, 0 = -2*c - 5*m - 4. Let l be -2 - -3*1 - -20. Suppose -l = -c*s + 33. What is the greatest common divisor of s and 54?
18
Suppose 1 = -n + 4. Suppose -3*b = -2*a + n, 5*b = 3*a - 4*a + 8. Suppose 5 = -r + 2*r - a*u, -2*u + 10 = r. Calculate the greatest common factor of r and 24.
8
Let n(c) = c**3 + 4*c**2. Let f be n(-2). Let g be (12/(-9))/((-1)/48). Calculate the highest common factor of g and f.
8
Let p(n) = -n**2 + 11*n - 12. Let f be p(9). Let r = -3 + f. Suppose -4*x + 43 = r*y, 3*y + y - 52 = -4*x. Calculate the greatest common factor of y and 27.
9
Let i be 2/(-8) - (-198)/24. Calculate the greatest common divisor of 64 and i.
8
Let i be (-3)/(-6)*0 + 2. Let h be 11*(8 + (i - 2)). Calculate the highest common factor of 8 and h.
8
Let z = 86 + -62. Calculate the greatest common divisor of 264 and z.
24
Suppose 4*v - v - 2*m + 28 = 0, -3*v - 38 = -4*m. Let k(h) = 4*h**2 + h + 6. Let j be k(v). Let l = 130 - 112. What is the greatest common factor of j and l?
18
Let r be 4/5 - (-176)/5. Suppose 2*c = -c + r. What is the highest common factor of 84 and c?
12
Let g = -276 + 419. Calculate the greatest common factor of 11 and g.
11
Suppose -3*g + 20 + 2 = 5*o, 3*g = 4*o + 4. What is the greatest common factor of o and 9?
1
Suppose -r = 2*s + 7, -16 = -4*r - 0*r + 3*s. Let b(v) = -v**3 + 6*v**2 + 27*v + 4. Let i be b(9). Calculate the highest common factor of r and i.
1
Let f be 0/(-2) - (0 - 10). Let q be (-164)/(-10) + (-4)/f. Calculate the greatest common factor of 80 and q.
16
Suppose -4*f + 3*f = -18. Let u = -11 + f. What is the greatest common factor of u and 7?
7
Suppose 2*y + 46 = -4*q, -2*y + 0*y = 3*q + 32. Let i = q + 24. Calculate the highest common divisor of 25 and i.
5
Let z be -18*(-1)/((-9)/(-6)). What is the greatest common divisor of z and 24?
12
Let b = -33 + 41. Calculate the highest common factor of b and 32.
8
Let o(j) = j**2 - 13*j + 3. Let q be o(13). Suppose 3*a - 3 = -n - 0, -n = q. What is the highest common divisor of a and 14?
2
Let y = 65 + 5. Suppose -5*b = y - 860. Let x be 6/(-36) - b/(-12). What is the highest common factor of 52 and x?
13
Let y be 8/(1/(-1) - -3). Suppose -5 = -p - y*p. What is the highest common divisor of p and 9?
1
Suppose -2*q + 2 = 0, 5*t = t - 5*q + 9. Let s(d) = 164*d + 1. Let p be s(t). What is the highest common divisor of p and 15?
15
Let k be 11/4 - (-3)/(-4). Suppose -f - 2*f = -36. Suppose -k*m - m + f = 0. Calculate the highest common divisor of 4 and m.
4
Suppose 2 = -2*u, -5*g = -0*g - u - 1. Suppose g = -h - 68 +